uppose 4*r = -2*z + 9444, 4*z = r - 2*z - 2348. What is the remainder when r is divided by 17?
14
Let q = -11 - -31. Let i be (-358)/1*(-7)/14. Let u = 257 - i. Calculate the remainder when u is divided by q.
18
Suppose -533 = -6*g + 241. Suppose w + 0*w - g = 5*c, 0 = -2*w - 2*c + 294. Calculate the remainder when w is divided by 37.
33
Let r = 1175 + -1172. Suppose 0 = -r*s - 32*s + 595. Let p = 342 + -207. What is the remainder when p is divided by s?
16
Suppose 0 = -0*o - 2*o + 42. Let l = -2024 + 2084. Calculate the remainder when l is divided by o.
18
Let g = -4 - -6. Suppose -3*z = -6, -2*c - g = 4*z + 8. Let x = 76 - c. Calculate the remainder when x is divided by 11.
8
Suppose -2*v - 11 = -p + 13, 3*p - 3*v = 87. Let m = 169 + -160. Suppose 0 = 7*f - m*f + 24. Calculate the remainder when p is divided by f.
10
Let x = -1 + 46. Suppose -2*p + 23 = 5*z - 31, -z = -2*p - 18. What is the remainder when x is divided by z?
9
Let p = 2344 + -2297. What is the remainder when 280 is divided by p?
45
What is the remainder when 539 is divided by 66 + 126/(-9) + 4*2?
59
Suppose 240 = -45*p + 53*p. Suppose 0*c = -2*c + p. Calculate the remainder when c is divided by 11.
4
Let c be ((-16)/4)/(-5 - -3). Suppose -c*k = -2*u - 34, -5*k + 60 + 25 = -u. What is the remainder when 33 is divided by k?
16
Suppose 185*z + 600 = 190*z. Calculate the remainder when 4078 is divided by z.
118
Suppose 3*o + 20 - 46 = -j, 5*o = 3*j - 92. Suppose 0 = 4*t - 925 - 1275. What is the remainder when t is divided by j?
28
Calculate the remainder when 3219 is divided by 0 + 112 - (-152 + 149).
114
Suppose 130 = 5*c - 5*w, -3*c + 54 = 3*w - 6. Calculate the remainder when 211 is divided by c.
4
Let o(f) = 5*f**2 - 2*f + 1. Let k = -31 + 39. Suppose 6 = -b + k. Calculate the remainder when 30 is divided by o(b).
13
Let f = -8569 + 8584. Suppose -3*x + 4*y = -4*x + 14, -2*x + y + 10 = 0. Let m(j) = 2*j**2 - 7*j - 1. What is the remainder when m(x) is divided by f?
14
Calculate the remainder when 241 is divided by (610 + 0)*99/495.
119
Let o = 26 + -22. Suppose p - 89 = -o*u + 192, 279 = 4*u - p. Suppose 0 = -3*l + 6, -5*k + 49 = l - 48. Calculate the remainder when u is divided by k.
13
Suppose -4*o + 28716 = 23256. What is the remainder when o is divided by 152?
149
Suppose 16*u - 228 = 4*u. Suppose -2*x + 12*x = 1020. Calculate the remainder when x is divided by u.
7
Suppose -2*f - 7 = 4*p + 13, 0 = 5*p. Let z = 34 + f. Let a(w) = -33*w + 4. Calculate the remainder when a(-2) is divided by z.
22
Let y = 4 + 14. Let b = -36 + 32. Let l = 7 + b. What is the remainder when y is divided by l?
0
Suppose -5*i + 203 = -5*j - 952, -926 = 4*j - 2*i. Let n = j + 162. Let c = n - -145. Calculate the remainder when c is divided by 19.
18
Suppose 0 = 3*k + 5*n - 28, k - n - 49 + 37 = 0. What is the remainder when 3211 is divided by k?
10
Let x be (-24)/(-42) + (-17)/(-7). Suppose 3*g - 13 = -2*b + 6, -5*g = -4*b + 93. Calculate the remainder when (15/9)/(x/117) is divided by b.
14
Let g = 36 - 0. Suppose -6162 - 10468 - 2683 = -217*w. Calculate the remainder when w is divided by g.
17
Let m = 37515 - 31788. What is the remainder when m is divided by 155?
147
Suppose 3*i - 5*s = 1, i + i - 3*s - 2 = 0. Let l be (1/1)/(-1 + (-10)/(-8)). What is the remainder when (9 - 5) + (-4 - (-10 - l)) is divided by i?
0
Suppose -h + 3048 = h. Calculate the remainder when h/10 + 2/(-5) is divided by ((-528)/(-14))/((-19512)/(-11382)).
20
Suppose 15*l - 17 = 583. What is the remainder when 293 is divided by l?
13
Calculate the remainder when 655 is divided by 3658/93 - (-8)/12.
15
Let x = 252 - 256. What is the remainder when 103 is divided by (2/x*-1)/((-6)/(-180))?
13
Calculate the remainder when 548 is divided by (((-2)/(20/(-6)))/(-1))/((-7)/1085).
83
Let i(r) = 4*r + 125. Let v(n) = -4*n - 124. Let t(f) = 3*i(f) + 2*v(f). Let a = 24 + 69. Calculate the remainder when a is divided by t(-27).
17
Let d(a) = a**2 + 7*a + 2. Let l be d(-7). Let c be l - 5 - (-2 - -3). Let v(u) = -u + 8. What is the remainder when 105 is divided by v(c)?
9
Suppose 13*v + v = 308. Calculate the remainder when ((-4)/3)/((-20)/1140) is divided by v.
10
Let a = -488 + 354. Let v = a - -172. What is the remainder when 189 is divided by v?
37
Suppose k + 1251 = 2*q, -46*q = -42*q + 5*k - 2467. What is the remainder when q is divided by 107?
88
Let w = -535 + 527. What is the remainder when 60/w*(-13)/((-130)/(-88)) is divided by 1/(-5) + 192/10?
9
Let b(v) = -v**2 + 21*v - 16. Let f be b(15). Suppose 232 = 2*r + f. What is the remainder when r is divided by 37?
5
Suppose -208*y + 132*y = -19456. What is the remainder when y is divided by 44?
36
Suppose -13*p + 17*p - 40 = -5*q, -q - 40 = -4*p. Let v(g) = 3*g - 8. Let s be v(10). Suppose -5*o - s = -107. What is the remainder when o is divided by p?
7
Let t(s) = -2*s**2 - 41*s + 38. Let y be t(-18). Let d = 36 + y. Calculate the remainder when d is divided by 83.
81
Suppose -3*n = -3*d + 3, -2*n - 4*n + 44 = -d. Let b = -91 - -135. Calculate the remainder when b is divided by d.
4
Suppose 80*z - 73*z + 658 = 0. Let y = -373 - -266. Let d = z - y. What is the remainder when 51 is divided by d?
12
Let c = -18756 - -19671. Calculate the remainder when c is divided by 911.
4
Let i(o) be the second derivative of 2*o**3 + 5*o**2 + 3*o + 4. Calculate the remainder when i(6) is divided by 43.
39
Let v = 1251 + -799. What is the remainder when 2262 is divided by v?
2
Suppose 135*i - 78*i = 86*i - 2001. Calculate the remainder when 1715 is divided by i.
59
What is the remainder when (14/21 + 98/105)/((-1)/(-115)) is divided by 67?
50
Suppose -5*l + 1 = -3*w, 8 = 3*l + 2*w - 4. Suppose -13 = -b - l. Suppose 5*k - 81 = -g, -g + 167 - 89 = 2*k. Calculate the remainder when g is divided by b.
10
Suppose v = 2*v - 2*j - 439, -2*j = 3*v - 1341. Suppose -35*c = -3*y - 3*c + 289, -4*c - 308 = -4*y. What is the remainder when v is divided by y?
70
Let o(y) = -4*y + 351*y**2 + 89 - 35*y - 349*y**2. Calculate the remainder when o(20) is divided by (5/(-10))/((-1)/44).
21
Let h(r) = -r**3 + 6*r**2 + 36*r - 173. What is the remainder when 1018 is divided by h(7)?
28
Suppose 50 = 2*t - k + 4*k, 4*t - 94 = -3*k. Calculate the remainder when (1*-51)/(3/(-3)) is divided by (4 - (3 + 5)) + t.
15
Calculate the remainder when -5 - (-50)/8 - 42/8*-119 is divided by 84.
38
Let o = -172 - -175. Suppose o*t = 5*d - t - 87, t = -4*d + 78. What is the remainder when 74 is divided by d?
17
Suppose -4*n + 8*n = 108. Let s = n - 12. Suppose 8*q = 5*q + 9. What is the remainder when s is divided by q?
0
Suppose 24*r + 40 - 832 = 0. What is the remainder when 176 is divided by r/3 - (-8 + 2 + 4)?
7
Let j(o) = o**3 + 10*o**2 + 15*o + 3. Let c(v) = 5*v**3 - 24*v**2 - 7*v + 3. Let k be c(5). What is the remainder when 268 is divided by j(k)?
43
What is the remainder when -6 + 171*18/27 - -3 is divided by 29?
24
Let x(l) = 127*l**2 - 1. Let v be (-2 + 3)/(-2 + 3). Let y be x(v). Suppose -3*d + y + 96 = 0. Calculate the remainder when d is divided by 19.
17
Let p be -3 - 6/(-15)*-5. Let h be (-10)/(-3*p/(-15)). Suppose 9*o = h*o - 30. Calculate the remainder when 58 is divided by o.
28
Calculate the remainder when 2151 is divided by ((12 + -3)*2)/(-121 + 122).
9
What is the remainder when ((-35310)/(-1485))/((-2)/(-18)) is divided by 108?
106
Let l = -607 + 762. Let h = 207 - l. What is the remainder when h is divided by 8?
4
What is the remainder when (-438)/(-9) - (-1)/3 is divided by ((-72)/20)/(310/(-50) + 6)?
13
Let f(p) = 2*p**3 - 6*p**2 + p + 9. Let l be f(4). Suppose 8*y = -l - 339. Let h = y - -65. Calculate the remainder when 25 is divided by h.
8
Suppose -p + 3*p = -2*a - 810, -5*a - 2027 = 4*p. Calculate the remainder when a/(-9) - (-8 - (-740)/90) is divided by 4.
1
Suppose 0 = 209*z - 14252 - 38834. What is the remainder when 1260 is divided by z?
244
Suppose -s + 0 = -4. Let x = 1708 + -1663. Calculate the remainder when x is divided by s.
1
Suppose 3*x + 26*l - 30*l - 338 = 0, 2*l - 290 = -3*x. What is the remainder when 3461 is divided by x?
95
Suppose -326*s = -330*s - 496. Calculate the remainder when (-1398)/(-9) - s/(-93) is divided by 52.
50
Let z = 612 - 428. Suppose -12*u + z = -188. Suppose